81179. Give i(512).
5
Let v(z) = 3*z**3 + 100*z**2 - 81170*z + 349. Calculate v(-182).
-15
Let k(i) = 134970*i + 134957. Determine k(-1).
-13
Let d(s) = -353*s**2 + 18363*s - 344. Calculate d(52).
20
Let n(s) = -3*s**2 - 5090*s - 130307. Determine n(-26).
5
Let c(d) = 176*d + 5480. Determine c(-39).
-1384
Let q(w) = w**3 - 14*w**2 - 227*w + 2168. Determine q(8).
-32
Let t(i) = -6*i**3 + 76*i**2 - 11*i - 531. Give t(12).
-87
Let w(d) = 393*d**2 - 362747*d + 7379. Determine w(923).
-5
Let k(j) = -357410*j + 2859287. What is k(8)?
7
Let k(c) = -c**3 + 263*c**2 - 93*c + 24467. What is k(263)?
8
Let c(b) = -4*b**3 - 10*b**2 - 192*b - 819. Give c(-5).
391
Let f(i) = -17*i**2 - 78*i + 35. What is f(-8)?
-429
Let c(l) = -l**3 - 523*l**2 - 28176*l + 2769. Give c(-462).
-3
Let z(p) = p**3 + 12*p**2 + 3462*p + 27441. Give z(-8).
1
Let h(t) = 45*t**2 + 24927*t - 2056. Calculate h(-554).
-394
Let s(h) = 607154*h - 6678688. What is s(11)?
6
Let p(y) = 2242*y - 784691. Determine p(350).
9
Let u(y) = -y**3 + 64*y**2 - 1057*y + 30937. Calculate u(55).
27
Let h(a) = 43*a**2 - 25661*a - 31739. Calculate h(598).
-45
Let t(u) = -u**3 - 9*u**2 + 232*u - 635. Calculate t(9).
-5
Let p(c) = -c**3 + 246*c**2 + 730*c + 4578. What is p(249)?
345
Let t(f) = f**2 + 53*f - 4552. Give t(-99).
2
Let p(t) = t**3 - 19*t**2 + 321*t - 3436. What is p(14)?
78
Let d(z) = 1347*z - 7625. What is d(6)?
457
Let j(i) = -14*i**2 + 56*i + 332. Calculate j(-5).
-298
Let u(r) = 2514*r + 150272. Calculate u(-60).
-568
Let t(v) = v**3 + 270*v**2 - 2181*v - 6. What is t(8)?
338
Let i(n) = 26786*n + 3133969. What is i(-117)?
7
Let i(f) = -35*f**3 - 5*f**2 - 65*f - 61. What is i(-5)?
4514
Let s(g) = 3*g - 315. Determine s(-50).
-465
Let j(g) = -180*g**2 + 7741*g - 36. Determine j(43).
7
Let c(f) = -8*f**2 + 94*f - 515. Calculate c(6).
-239
Let o(l) = 2*l**3 + 172*l**2 - 12*l + 13867. What is o(-87)?
-227
Let i(m) = -94836*m + 95037. Calculate i(1).
201
Let o(k) = 229*k**3 + 12*k**2 - 53*k - 145. What is o(-2)?
-1823
Let g(d) = 200*d**2 + 61384*d - 4930. Determine g(-307).
-18
Let t(h) = -2*h**2 - 150*h + 6883. Give t(47).
-4585
Let o(m) = 6*m**2 - 3*m - 16. What is o(-15)?
1379
Let n(i) = -i**3 + 77*i**2 - 145*i - 10221. Give n(73).
510
Let g(p) = -5133*p - 4147466. Calculate g(-808).
-2
Let q(j) = -j**3 - 116*j**2 + 847*j + 155629. Calculate q(-111).
7
Let o(j) = -j**3 + 94*j**2 - 7*j + 412. What is o(94)?
-246
Let g(s) = -s**3 + 71*s**2 + 181*s - 12847. Determine g(71).
4
Let x(r) = -144*r + 8463. Calculate x(59).
-33
Let i(c) = -c**3 + 18*c**2 - 72*c - 23. What is i(8)?
41
Let c(b) = -34381*b + 825139. Calculate c(24).
-5
Let q(k) = -12*k**3 - 633*k**2 - 5032*k - 36. Determine q(-43).
7
Let h(q) = -q**3 + 14*q**2 - 191*q + 1036. Give h(7).
42
Let x(k) = -23670*k + 236779. Determine x(10).
79
Let c(f) = f**3 + 306*f**2 - 2841*f - 1884. Give c(-315).
6
Let r(a) = a**2 - 324*a + 14238. What is r(53)?
-125
Let j(m) = -m**3 - 45*m**2 + 162*m + 225. Calculate j(-48).
-639
Let g(p) = 2609*p + 3377. Calculate g(-1).
768
Let z(p) = 5*p**3 + 349*p**2 + 283*p + 485. Determine z(-69).
2
Let a(u) = 2*u**3 + 148*u**2 + 1206*u + 1766. Determine a(-7).
-110
Let j(r) = r**2 + 161921*r + 485762. What is j(-3)?
8
Let n(m) = 3*m**2 + 828*m - 4165. Give n(5).
50
Let y(t) = -t**3 + 408*t**2 - 6280*t + 3132. Determine y(392).
-4
Let g(m) = -57*m**2 - 244*m + 956. Determine g(4).
-932
Let l(q) = 38*q**2 + 4069*q - 12247. Determine l(-110).
-37
Let t(r) = -409*r**2 + 23719*r - 20. Determine t(58).
-194
Let s(g) = 90*g**3 + 5*g**2 - 311*g - 966. Give s(-3).
-2418
Let y(q) = -48603*q + 972073. What is y(20)?
13
Let b(k) = -1995*k + 7068. What is b(4)?
-912
Let j(w) = -19*w**2 - 558*w + 22081. What is j(-52)?
-279
Let v(n) = -11701*n - 152038. Give v(-13).
75
Let m(q) = -4*q**2 + 104*q + 435. Give m(20).
915
Let t(s) = 20*s**2 - 2320*s + 1613. Determine t(115).
-687
Let g(i) = 42612*i**2 - 468735*i + 26. Give g(11).
-7
Let w(v) = -578*v**2 + 14453*v - 74. Determine w(25).
1
Let u(h) = h**3 + 61*h**2 - 183*h. Give u(-64).
-576
Let p(a) = -a**3 + 231*a**2 - 633*a - 11637. Give p(228).
-9
Let g(a) = -2*a**2 - 178*a + 2163. Give g(-100).
-37
Let k(o) = 127*o**2 + 8068*o - 3815. Calculate k(-64).
25
Let f(n) = -5*n**2 - 290*n - 1933. What is f(-50)?
67
Let m(u) = 549*u - 6088. Give m(13).
1049
Let b(f) = -64*f**3 + 4672*f**2 - 32*f + 163. What is b(73)?
-2173
Let t(m) = 4*m**2 - 3530*m + 38339. Calculate t(11).
-7
Let s(y) = 5*y**3 - 650*y**2 + 39*y - 5106. Give s(130).
-36
Let u(x) = 41*x - 5256. What is u(140)?
484
Let i(t) = t**3 - 876*t**2 + 77596*t + 3058. Calculate i(776).
-46
Let c(g) = -g**2 - 1410*g - 483806. Calculate c(-590).
-6
Let y(p) = -p**3 - 35*p**2 + 640*p + 17617. What is y(-40)?
17
Let d(j) = 372*j - 6315. Determine d(18).
381
Let z(j) = -j**3 + 69*j**2 + 109*j + 843. What is z(71)?
-1500
Let d(b) = -2*b**3 - 126*b**2 - 3*b - 220. What is d(-63)?
-31
Let w(f) = -81*f**3 - 346*f**2 + 9*f - 6. Give w(-5).
1424
Let c(i) = -i**2 + 2599*i - 46616. What is c(18)?
-158
Let o(d) = 15*d**2 + 4882*d + 14631. Give o(-3).
120
Let z(d) = 2*d**3 - 105*d**2 + 94*d - 13828. Determine z(54).
-4
Let z(d) = -72*d**2 + 2248*d - 4501. Determine z(2).
-293
Let f(i) = 2*i**3 - 464*i**2 - 11716*i + 341. Give f(-23).
19
Let g(y) = -5*y**2 - 423*y + 32887. Calculate g(-134).
-211
Let g(d) = 14*d**2 + 1425*d - 70. Calculate g(0).
-70
Let t(s) = 84842*s - 848415. What is t(10)?
5
Let q(n) = 5789*n - 567363. What is q(98)?
-41
Let u(w) = -16*w**3 + 2361*w**2 - 1320*w - 154. Give u(147).
287
Let c(g) = g**3 + 52*g**2 + 648*g + 5498. Give c(-39).
-1
Let l(m) = -148*m - 132. Calculate l(-5).
608
Let j(r) = -4*r**3 + 1217*r**2 + 4505*r + 35408. What is j(308)?
-12
Let x(h) = -6564*h + 1174957. What is x(179)?
1
Let v(l) = 2*l**2 - 358*l + 3127. What is v(9)?
67
Let y(g) = -2343*g**3 + 2*g**2 - 63*g - 63. Determine y(-1).
2345
Let f(n) = 58*n**3 + n**2 - 418*n + 422. What is f(1)?
63
Let y(u) = -205*u - 3184. Calculate y(-13).
-519
Let s(o) = -2*o**2 - 598*o - 27204. What is s(-56)?
12
Let i(v) = 120*v**2 - 546*v - 1000. What is i(6)?
44
Let f(t) = 368*t + 818. Calculate f(0).
818
Let z(s) = 360*s**2 + 389*s + 776. Calculate z(-2).
1438
Let d(s) = -s**2 + 89*s - 808. Calculate d(38).
1130
Let g(c) = -3*c**3 - 4*c**2 - 50*c - 115. Determine g(-4).
213
Let q(r) = -87792*r + 351154. Give q(4).
-14
Let j(t) = -63718*t - 1656653. Give j(-26).
15
Let u(b) = -146539*b - 1611938. Calculate u(-11).
-9
Let y(q) = -2*q**3 - 168*q**2 - 23*q - 481. Give y(-84).
1451
Let h(b) = 669*b**2 - 101022*b + 448. Calculate h(151).
-5
Let a(d) = 278*d + 4035. Calculate a(-11).
977
Let l(d) = -2237*d - 29067. Determine l(-13).
14
Let a(t) = 2*t**2 - 4*t - 2408. What is a(36)?
40
Let s(f) = -f**3 - 395*f**2 - 1142*f + 19525. Calculate s(-392).
6197
Let s(a) = 5*a**2 - 303*a + 180. Calculate s(57).
-846
Let b(a) = -526*a - 50428. Determine b(-93).
-1510
Let m(p) = -3*p**3 - 1765*p**2 + 1178*p + 4. Give m(-589).
4
Let y(u) = -10*u**3 - 546*u**2 + 3908*u + 249. Calculate y(-61).
5
Let z(a) = -3*a**3 + 176*a**2 + 53*a + 107. Give z(59).
-247
Let z(x) = x**3 - 542*x**2 - 726*x + 99364. Determine z(543).
-5
Let r(y) = y**3 + 246*y**2 - 9866*y - 8705. Give r(-281).
6
Let z(d) = 4570*d + 73121. Calculate z(-16).
1
Let l(b) = -13*b**3 + 427*b**2 + 110*b - 888. Calculate l(33).
564
Let f(b) = -15*b**2 + 21587*b - 195912. Calculate f(1430).
-2
Let f(q) = -31176*q + 3616423. Give f(116).
7
Let c(h) = -h**3 - 336*h**2 - 12599*h + 7. Calculate c(-293).
7
Let h(r) = 904*r - 11877. What is h(13)?
-125
Let z(k) = 35*k**3 + 4*k**2 - 62*k + 225. Determine z(4).
2281
Let m(z) = 21385*z**2 - 42803*z + 2. Give m(2).
-64
Let l(i) = -2709*i + 8058. Determine l(3).
-69
Let k(y) = y**3 - 60*y**2 - 58143*y - 1629. Give k(273).
9
Let u(f) = 328*f - 4811. What is u(14)?
-219
Let q(x) = -169559*x + 7630152. Calculate q(45).
-3
Let t(d) = -6*d**2 + 1030*d + 9242. What is t(-9)?
-514
Let q(d) = -2*d**3 - d**2 + 254*d - 735. Calculate q(3).
-36
Let c(w) = 2439*w - 1135. What is c(1)?
1304
Let m(r) = -23*r**2 - 157*r + 40. Determine m(-6).
154
Let s(k) = 40*k**2 + 182*k + 5. Determine s(-5).
95
Let m(r) = 2*r**3 - 308*r**2 - 33. Determine m(154).
-33
Let n(u) = -7365*u - 603969. Determine n(-